ainder when 26026 is divided by 6148?
1434
Calculate the remainder when 5764 is divided by 105.
94
Calculate the remainder when 5254646 is divided by 28.
26
Calculate the remainder when 5630 is divided by 795.
65
What is the remainder when 682 is divided by 180?
142
Calculate the remainder when 2143749 is divided by 250.
249
Calculate the remainder when 41281 is divided by 161.
65
Calculate the remainder when 3192 is divided by 1333.
526
Calculate the remainder when 2899 is divided by 780.
559
Calculate the remainder when 21998 is divided by 7313.
59
What is the remainder when 1895 is divided by 754?
387
Calculate the remainder when 135860 is divided by 45281.
17
Calculate the remainder when 6900 is divided by 199.
134
Calculate the remainder when 1366203 is divided by 109.
106
What is the remainder when 34325 is divided by 11437?
14
Calculate the remainder when 331366 is divided by 331356.
10
What is the remainder when 1684 is divided by 313?
119
Calculate the remainder when 5959 is divided by 400.
359
Calculate the remainder when 368 is divided by 290.
78
What is the remainder when 155945 is divided by 25?
20
What is the remainder when 22623 is divided by 49?
34
What is the remainder when 3634 is divided by 1189?
67
Calculate the remainder when 28907 is divided by 9322.
941
Calculate the remainder when 517419 is divided by 131.
100
What is the remainder when 52851 is divided by 146?
145
Calculate the remainder when 1471 is divided by 225.
121
Calculate the remainder when 14382 is divided by 79.
4
What is the remainder when 11273 is divided by 102?
53
What is the remainder when 574015 is divided by 13?
0
What is the remainder when 1999 is divided by 90?
19
Calculate the remainder when 8432 is divided by 272.
0
Calculate the remainder when 9302 is divided by 367.
127
Calculate the remainder when 142966 is divided by 645.
421
Calculate the remainder when 369350 is divided by 380.
370
What is the remainder when 1058 is divided by 36?
14
Calculate the remainder when 46288 is divided by 147.
130
Calculate the remainder when 19429 is divided by 3230.
49
Calculate the remainder when 6388 is divided by 28.
4
What is the remainder when 43334 is divided by 1732?
34
Calculate the remainder when 367206 is divided by 7061.
34
What is the remainder when 30341 is divided by 7390?
781
What is the remainder when 130274 is divided by 8?
2
Calculate the remainder when 11332 is divided by 180.
172
What is the remainder when 52790 is divided by 330?
320
Calculate the remainder when 953 is divided by 21.
8
Calculate the remainder when 16282 is divided by 492.
46
What is the remainder when 7456 is divided by 140?
36
What is the remainder when 54088 is divided by 322?
314
What is the remainder when 3286 is divided by 1095?
1
What is the remainder when 26509 is divided by 8531?
916
What is the remainder when 829 is divided by 331?
167
What is the remainder when 228187 is divided by 650?
37
What is the remainder when 508648 is divided by 11?
8
Calculate the remainder when 25289 is divided by 25232.
57
Calculate the remainder when 1724 is divided by 209.
52
What is the remainder when 295390 is divided by 3787?
4
Calculate the remainder when 28560 is divided by 9354.
498
Calculate the remainder when 15741 is divided by 124.
117
Calculate the remainder when 78225 is divided by 78180.
45
Calculate the remainder when 33517 is divided by 8379.
1
What is the remainder when 127474 is divided by 12?
10
Calculate the remainder when 309257 is divided by 140.
137
Calculate the remainder when 12684 is divided by 6338.
8
What is the remainder when 15872 is divided by 209?
197
What is the remainder when 4442 is divided by 196?
130
What is the remainder when 60680 is divided by 4014?
470
What is the remainder when 32410 is divided by 74?
72
Calculate the remainder when 13224 is divided by 600.
24
Calculate the remainder when 3435 is divided by 19.
15
What is the remainder when 19524 is divided by 170?
144
What is the remainder when 449234 is divided by 18718?
2
Calculate the remainder when 5455 is divided by 232.
119
Calculate the remainder when 36652 is divided by 52.
44
Calculate the remainder when 70698 is divided by 70696.
2
Calculate the remainder when 21095 is divided by 251.
11
Calculate the remainder when 1265819 is divided by 632903.
13
Calculate the remainder when 570 is divided by 24.
18
What is the remainder when 267752 is divided by 3523?
4
Calculate the remainder when 14898 is divided by 172.
106
What is the remainder when 106590 is divided by 94?
88
Calculate the remainder when 13736 is divided by 87.
77
What is the remainder when 202949 is divided by 67640?
29
Calculate the remainder when 6448 is divided by 1329.
1132
Calculate the remainder when 11647 is divided by 1299.
1255
Calculate the remainder when 43227 is divided by 562.
515
Calculate the remainder when 70 is divided by 16.
6
Calculate the remainder when 49583 is divided by 1907.
1
Calculate the remainder when 23319 is divided by 1371.
12
Calculate the remainder when 3475 is divided by 560.
115
Calculate the remainder when 2851 is divided by 1124.
603
Calculate the remainder when 2855 is divided by 66.
17
Calculate the remainder when 54568 is divided by 3893.
66
What is the remainder when 111624 is divided by 55804?
16
What is the remainder when 44504 is divided by 1236?
8
What is the remainder when 1339 is divided by 829?
510
Calculate the remainder when 5313 is divided by 1749.
66
Calculate the remainder when 170889 is divided by 187.
158
What is the remainder when 78387 is divided by 585?
582
Calculate the remainder when 18345 is divided by 304.
105
Calculate the remainder when 123586 is divided by 3530.
36
What is the remainder when 17046 is divided by 1207?
148
What is the remainder when 797642 is divided by 3?
2
What is the remainder when 313089 is divided by 223?
220
Calculate the remainder when 13176 is divided by 6581.
14
Calculate the remainder when 144572 is divided by 429.
428
Calculate the remainder when 6922 is divided by 110.
102
Calculate the remainder when 72447 is divided by 21.
18
Calculate the remainder when 2126303 is divided by 32.
31
What is the remainder when 910 is divided by 441?
28
What is the remainder when 13969 is divided by 4595?
184
Calculate the remainder when 16711 is divided by 274.
271
Calculate the remainder when 123231 is divided by 48.
15
Calculate the remainder when 27161 is divided by 55.
46
What is the remainder when 22691 is divided by 186?
185
Calculate the remainder when 2511 is divided by 28.
19
What is the remainder when 18732 is divided by 76?
36
Calculate the remainder when 34639 is divided by 2.
1
What is the remainder when 3916769 is divided by 605?
604
Calculate the remainder when 16593 is divided by 664.
657
Calculate the remainder when 60657 is divided by 30.
27
Calculate the remainder when 6666 is divided by 2218.
12
Calculate the remainder when 22565 is divided by 41.
15
Calculate the remainder when 82015 is divided by 183.
31
Calculate the remainder when 1151 is divided by 227.
16
What is the remainder when 6075 is divided by 635?
360
What is the remainder when 21766 is divided by 146?
12
What is the remainder when 2787 is divided by 948?
891
What is the remainder when 40857 is divided by 106?
47
Calculate the remainder when 1211 is divided by 126.
77
Calculate the remainder when 15497 is divided by 3873.
5
Calculate the remainder when 4231390 is divided by 49.
44
Calculate the remainder when 6309 is divided by 59.
55
Calculate the remainder when 790740 is divided by 395369.
2
Calculate the remainder when 16130 is divided by 358.
20
What is the remainder when 10101 is divided by 275?
201
What is the remainder when 12346146 is divided by 799?
797
Calculate the remainder when 38403 is divided by 3199.
15
What is the remainder when 3803 is divided by 154?
107
Calculate the remainder when 100291 is divided by 53.
15
Calculate the remainder when 2201 is divided by 1944.
257
Calculate the remainder when 8765 is divided by 1194.
407
Calculate the remainder when 109176 is divided by 36378.
42
What is the remainder when 92998 is divided by 903?
892
Calculate the remainder when 10709 is divided by 1650.
809
Calculate the remainder when 16084 is divided by 57